uppose -6*h + 224 = -l. Is h a prime number?
True
Suppose -4*s - 9 = -s, 5*q - 717 = -s. Suppose 90 + q = 3*p. Let b = 169 - p. Is b a prime number?
False
Is (-1856384)/(-40) + -11 - (-6)/15 composite?
False
Suppose 0 = -2*m - 3*m + 5*x + 29760, -m - 3*x + 5948 = 0. Is m a composite number?
True
Let x(v) = 30*v**3 + 14*v**3 - 8*v**2 - 21*v**3 + v - 8*v - 3. Is x(7) prime?
False
Is 2*1949 + 49/49 a prime number?
False
Is (-16)/(-48)*(-11 + -1) - -5307 a prime number?
True
Let f(c) be the second derivative of 5*c**4/12 + 3*c**3/2 - 29*c**2/2 + c. Is f(-9) composite?
True
Let i = 7509 + -1654. Is i composite?
True
Let j(o) = 13*o**2 - 2*o - 9. Is j(6) a composite number?
True
Suppose 0 = 11*p - 3*p - 5200. Let b(y) = 282*y**2 - 2*y - 3. Let c be b(-2). Let g = c - p. Is g composite?
False
Let n(j) = 2*j**3 + 8*j**2 - j - 4. Let r be n(-4). Suppose 5*m - 1979 - 2036 = r. Is m composite?
True
Suppose 0*h - 12 = -4*h. Is (-251720)/(-93) - (-3 - -2)/h a composite number?
False
Is (-3)/(-12) - (2006/(-8) - 0) prime?
True
Suppose -20 = -4*i, -3*d - 2*i + 189253 = -6*i. Is d composite?
True
Let m be ((-30)/(-12))/((-2)/(-4)). Suppose m*q = 2*q + 1203. Is q a prime number?
True
Is 6/(-8) + (-120124)/(-16) prime?
True
Suppose 10903 = 4*v + 1371. Suppose 5*w = -3*u + v, -1081 - 360 = -3*w + u. Is w prime?
True
Let v(w) = 82*w + 5. Let o be (7 - -5)*(-3)/(-12). Is v(o) a prime number?
True
Let d = 131 - -57. Let j(a) = 11*a**2 - 4*a. Let s be j(-3). Let i = d + s. Is i prime?
False
Suppose 2*v + 6770 = 2*o, -2*v + 7*v = 3*o - 10153. Is o a composite number?
True
Suppose 10 = -2*n - 3*n, 0 = -5*b + 4*n + 188. Suppose -2*u + 2*t + 54 = 0, 0 = -4*u + t + 57 + b. Is u prime?
False
Let x = -1 - -7. Let c(b) = b**3 - 6*b**2 - 4*b - 7. Let t be c(x). Let u = 158 + t. Is u composite?
False
Suppose 4*f - 4*l = -184, 4*l = 2*f - 3*f - 56. Is (-12)/f - 3110/(-8) a prime number?
True
Suppose 5*t - 40465 = 2*c, 3*t + c = 11485 + 12805. Is t prime?
False
Let m(a) = a**2 + 5*a + 12. Let f be m(-6). Let c = f - 13. Is (7 - c)*15/2 a composite number?
True
Let a be 3*-1 - (-69 - 10). Suppose -5*k + a = -409. Is k prime?
True
Let g = -186 - -280. Suppose 0 = 4*y + 5*b + 108, 2*y + 3*y - 4*b + g = 0. Is (-34)/(-187) + (-20434)/y composite?
False
Suppose 6*y - 12862 = 7454. Is y a prime number?
False
Let h be 8*(3 - (-8901)/(-12)). Let t = -3889 - h. Let r = -1018 + t. Is r a prime number?
False
Let l(d) = -376*d + 599. Is l(-6) composite?
True
Let j(d) = 64*d**2 - 4*d + 3. Suppose -o = 5*v + 4*o, 2*v + o - 2 = 0. Is j(v) a prime number?
True
Let w(m) be the third derivative of m**7/840 + 13*m**6/360 + m**5/60 + m**4/24 + m**3/3 + 9*m**2. Let h(b) be the first derivative of w(b). Is h(-11) composite?
True
Let d = -172 - -291. Is d composite?
True
Let a = 14789 + -1392. Is a prime?
True
Let i be 3/((-9)/(-242))*3. Suppose 5*b - 2*u = -316, 2*b - 2*u - i = 6*b. Let l = 88 + b. Is l composite?
True
Suppose -82*b + 105*b = 137563. Is b composite?
False
Let q(w) = 10 - 20*w - 8 - 32*w. Is q(-5) a prime number?
False
Suppose 12*h - h = 0. Suppose h = -4*n + 10143 - 1819. Is n a prime number?
True
Let i = 10 + -6. Suppose 0 = i*z - 0 - 44. Is z composite?
False
Suppose 3*m + 28 = -4*b, -3*b + 12 = m + 33. Let l(h) = 2*h + 14. Let w be l(b). Suppose 2*j - j - 67 = w. Is j a prime number?
True
Suppose -l = -3*l - 6*l. Suppose 2*i + 5*f - 7906 = l, 3935 = i - 2*f - 0*f. Is i composite?
False
Let a be 2 - (-2 + 3 - 13). Suppose 0 = m + 18 + a. Let q = 75 + m. Is q a prime number?
True
Let q(z) = 2*z + 2. Let v be q(2). Let i(p) = 2*p**2 - 5*p - 4. Let f be i(v). Let a = 5 + f. Is a a composite number?
False
Let o = -24714 + 45663. Is o composite?
True
Let l = -1 - 8. Let j = -7 - l. Suppose 5*c + i = j*c + 503, -c + 157 = -5*i. Is c a composite number?
False
Let a(u) = -u**2 + 3*u + 3. Let t be a(3). Suppose 21 = 3*r - 18. Suppose y + t*m = r, -2*y - 2*m + 3*m = -12. Is y composite?
False
Let l = 0 - 0. Suppose 8 = 2*j - i - l, 5*i + 24 = 2*j. Suppose 0 = -j*g, -g - 3*g = -a + 581. Is a composite?
True
Suppose -3*y = 136 + 74. Let g = -45 - y. Suppose -87 = -n - g. Is n prime?
False
Let d be (-2)/(-1) + 9/3. Suppose w - d = -2. Suppose -i + w = -40. Is i prime?
True
Suppose 3*x - 4*a - 8113 = 0, -15800 = -5*x + 3*a - 2271. Is x prime?
True
Is ((-14)/(-28))/(2/35212) a prime number?
True
Let h = 2096 - 1175. Is h a composite number?
True
Let c(z) = -313*z + 54. Is c(-11) a prime number?
False
Suppose -63*n + 799964 = -19*n. Is n composite?
False
Let i be 5 + (27/9)/(-3). Suppose 28 - 3 = 5*b. Suppose -l + 3*j + 179 = -0*l, i*j + 939 = b*l. Is l a prime number?
True
Let h(z) = 9*z**2 + 9*z + 3. Suppose -10 = -5*f + 20. Suppose f*u = 4*u - 8. Is h(u) composite?
True
Let u = 6717 + -4664. Is u composite?
False
Suppose -15*t - 643432 = -23*t. Is t a prime number?
True
Let u be (-152)/(-4)*7528/16. Let s = u - 11410. Is s a composite number?
False
Suppose -3*s + 15 = 2*s. Suppose 8 = 7*q - s*q. Is 198/q + (-5 - -3) prime?
True
Suppose 33*u = 22*u + 27038. Is u a prime number?
False
Let v = 47 + -8. Suppose 561 = 2*d - 4*h + v, 2 = -h. Is d a prime number?
True
Suppose 3*d = 2*h + 22, d - 4*h + 6 = -6*h. Suppose -3*t - 11 = m, 3*t + t = d*m - 36. Suppose -m*i - i + 2065 = 0. Is i composite?
True
Let r = -22 - -26. Suppose r*t - 2*c = 1 + 835, 5*t + c - 1059 = 0. Is t a composite number?
False
Let i be (2 - 6)*(-85)/10. Suppose i = 3*o - 32. Is o prime?
False
Is ((-104540)/30)/(6/(-9)) prime?
True
Let h(a) = 47*a**2 - 28*a - 190. Is h(-7) composite?
False
Suppose -314 = -c + 353. Let y = 1296 - c. Is y prime?
False
Suppose b - 19 + 90 = 4*l, 2*l = 3*b + 253. Is (10 - (3 + 0))/((-3)/b) a prime number?
False
Suppose -g + 21800 = -5*z, 4*g - 3*z - 87242 = -4*z. Is g/9 + (6/(-9))/2 prime?
True
Let y = -655 - -962. Is y a composite number?
False
Let i(l) = -19*l + 6. Let n be i(-16). Suppose 3*t - 5*t = -n. Suppose t = -3*d + 422. Is d a prime number?
True
Suppose 0 = -2*t + 5*y + 1, 2*t + 3*t - 11 = 4*y. Suppose 2381 = t*k - 1240. Is k prime?
False
Let u be ((-25)/(-5) - 1) + 0. Suppose 504 = 3*l - 3*d, u*d = -2*l + d + 311. Is l a composite number?
False
Let t = -1839 + 4496. Is t a composite number?
False
Suppose 8*n - 2417 = 29927. Is n composite?
True
Let u be 221 - 0*4/(-8). Suppose u = c - 158. Is c a prime number?
True
Let n = 59 + -59. Suppose -16*f + 13*f + 159 = n. Is f prime?
True
Suppose 0 = 2*f - n - 313, 0*n - 4*n = -3*f + 477. Suppose -5*z + f = 2*d, -2*d + z = -0*z - 185. Suppose l - d = -c, 4*c - 2 = -22. Is l composite?
True
Let x = 25082 + -16869. Is x a prime number?
False
Let g = 5953 + -3144. Is g a prime number?
False
Let l be ((-6608)/26 - 4/(-26)) + 3. Is l*4/(-4) - -2 prime?
False
Let u(c) = -c**2 + 7*c - 6. Let i be u(5). Suppose -6722 = -5*r - 2*m, 3*r + r + i*m = 5380. Let l = r + -933. Is l prime?
False
Let w be (0/(-1 - 0))/3. Suppose w = -4*c + 20. Suppose 62 + c = d. Is d a prime number?
True
Let j = -65 - -32. Let v = j - -48. Is v composite?
True
Let l = 36 - 59. Let m = -8 - l. Suppose u + 3*p = 91 + m, 385 = 4*u - p. Is u prime?
True
Suppose -m = 2*p - 0*p - 3, -4*m = -5*p + 14. Is -1783*(-1)/1 + -2 + p prime?
True
Let n be 0/(0*1/(-4) - -2). Suppose 0 = 7*z - 2*z - 1725. Suppose n*f - z = -3*f. Is f prime?
False
Let l = 3566 - 1956. Is (-3*l + 1)/(-1) a composite number?
True
Suppose -16*d + 639 = -7*d. Is d a prime number?
True
Let i be 4/14 + (-24)/(-14). Suppose -53 = -f - 4*n, -n = -i*f - 2*n + 71. Suppose 0 = s + 3*m - f, 5*s - m - 61 = 40. Is s a prime number?
False
Suppose -3*h - c + 4180 + 3605 = 0, 5*c = -h + 2595. Suppose 2*t + h = 5*q, -2*q - 2*q = -3*t - 2076. Is q composite?
True
Suppose o + o + 4 = 0. Let l be (-54)/(-9) + (o - -1). Suppose -212 + 57 = -l*z. Is z a composite number?
False
Let m = 21 + -20. Let l(w) = 15*w + m - 1 + 74*w. Is l(1) a composite number?
False
Is -7*((-36)/(-28))/(-9)*23599 prime?
True
Let l(r) = 52*r**2 - 4*r + 17. Is l(-11) composite?
False
Let z = -10338 + 3268. Suppose -15*a = -2*a - 156. Is (-4)/24 - z/a a composite number?
True
Let c = -18 - -4025. Is c a prime number?
True
Let s(h) = 13*h**2 - 148*h - 13. Is s(-20) a prime number?
True
Suppose -7*v + 2340 = -6*v. Let m = v + -1667. Is m a prime number?
True
S